{"id":2313,"date":"2017-09-21T11:51:07","date_gmt":"2017-09-21T10:51:07","guid":{"rendered":"http:\/\/unionpourlavienne.fr\/Union_Vienne_2016\/wordpress\/?page_id=2313"},"modified":"2017-09-21T11:51:07","modified_gmt":"2017-09-21T10:51:07","slug":"ete-2017","status":"publish","type":"page","link":"https:\/\/unionpourlavienne.fr\/Union_Vienne_2016\/wordpress\/les-elus\/la-tribune\/ete-2017\/","title":{"rendered":"Et\u00e9 2017"},"content":{"rendered":"<h1><a href=\"http:\/\/www.lavienne86.fr\/publication\/90\/26-la-vienne-le-magazine.htm?TELECHARGER=1\" target=\"_blank\" rel=\"noopener noreferrer\"><img loading=\"lazy\" class=\"wp-image-2234 size-full alignright\" src=\"https:\/\/unionpourlavienne.fr\/Union_Vienne_2016\/wordpress\/wp-content\/uploads\/2017\/05\/ete17.jpg\" alt=\"\" width=\"250\" height=\"350\" srcset=\"https:\/\/unionpourlavienne.fr\/Union_Vienne_2016\/wordpress\/wp-content\/uploads\/2017\/05\/ete17.jpg 250w, https:\/\/unionpourlavienne.fr\/Union_Vienne_2016\/wordpress\/wp-content\/uploads\/2017\/05\/ete17-214x300.jpg 214w\" sizes=\"(max-width: 250px) 100vw, 250px\" \/><\/a>Les Heures Vagabondes innondent la Vienne de musique<\/h1>\n<p>Le festival \u00ab\u00a0Les Heures Vagabondes\u00a0\u00bb est un rendez-vous festif et convivial qui, depuis 2004 s&rsquo;inscrit pleinement dans la politique culturelle conduite par le D\u00e9partement : diffuser la culture en milieu rural sur l&rsquo;ensemble du territoire et la rendre accessible au plus grand nombre en favorisant le m\u00e9lange des g\u00e9n\u00e9rations.<br \/>\nCes spectacles de qualit\u00e9, dont la 14e \u00e9dition se d\u00e9roulera du 1er juillet au 18 ao\u00fbt prochains, sont propos\u00e9s gratuitement, contribuent \u00e0 entretenir le lien social et permettent \u00e9galement de d\u00e9couvrir ou red\u00e9couvrir notre patrimoine. Outre l&rsquo;aspect artistique, ce festival implique une importante logistique qui repose en partie sur les communes partenaires et leurs b\u00e9n\u00e9voles.<\/p>\n<p>En 2016, 1 600 d&rsquo;entre eux se sont mobilis\u00e9s pour les Heures Vagabondes. Chaque ann\u00e9e, leur \u00e9nergie et leur implication font de chaque concert un \u00e9v\u00e9nement de premi\u00e8re importance, dont l&rsquo;accueil, la gestion des parkings et la qualit\u00e9 de la restauration permettent de participer \u00e0 l&rsquo;animation locale dans une ambiance conviviale assur\u00e9e ! L&rsquo;ensemble des sites des concerts sont rendus accessibles aux personnes \u00e0 mobilit\u00e9 r\u00e9duite gr\u00e2ce \u00e0 la mobilisation des communes organisatrices.<\/p>\n<p>La s\u00e9curit\u00e9 demeure \u00e9galement dans tous les esprits avec un encadrement renforc\u00e9, en raison du maintien de l&rsquo;\u00e9tat d&rsquo;urgence. Ce festival itin\u00e9rant de tous les publics pr\u00e9sente un bilan tr\u00e8s positif avec pr\u00e8s de 170 concerts organis\u00e9s et plus de 1 000 artistes accueillis depuis sa cr\u00e9ation, sans compter les 100 000 spectateurs pr\u00e9sents l&rsquo;ann\u00e9e derni\u00e8re.<br \/>\nCette \u00e9dition 2017 proposera treize concerts gratuits, dont celui d&rsquo;Amir qui marquera le d\u00e9but des festivit\u00e9s. T\u00e9t\u00e9, Olivia Ruiz, Catherine Lara, Dan Ar Braz et Radio Elvis entre autres assureront la promesse d&rsquo;un moment hors du temps offert par le Conseil D\u00e9partemental.<\/p>\n","protected":false},"excerpt":{"rendered":"<p>Les Heures Vagabondes innondent la Vienne de musique Le festival \u00ab\u00a0Les Heures Vagabondes\u00a0\u00bb est un rendez-vous festif et convivial qui,<\/p>\n","protected":false},"author":1,"featured_media":0,"parent":22,"menu_order":0,"comment_status":"closed","ping_status":"closed","template":"","meta":[],"_links":{"self":[{"href":"https:\/\/unionpourlavienne.fr\/Union_Vienne_2016\/wordpress\/wp-json\/wp\/v2\/pages\/2313"}],"collection":[{"href":"https:\/\/unionpourlavienne.fr\/Union_Vienne_2016\/wordpress\/wp-json\/wp\/v2\/pages"}],"about":[{"href":"https:\/\/unionpourlavienne.fr\/Union_Vienne_2016\/wordpress\/wp-json\/wp\/v2\/types\/page"}],"author":[{"embeddable":true,"href":"https:\/\/unionpourlavienne.fr\/Union_Vienne_2016\/wordpress\/wp-json\/wp\/v2\/users\/1"}],"replies":[{"embeddable":true,"href":"https:\/\/unionpourlavienne.fr\/Union_Vienne_2016\/wordpress\/wp-json\/wp\/v2\/comments?post=2313"}],"version-history":[{"count":1,"href":"https:\/\/unionpourlavienne.fr\/Union_Vienne_2016\/wordpress\/wp-json\/wp\/v2\/pages\/2313\/revisions"}],"predecessor-version":[{"id":2314,"href":"https:\/\/unionpourlavienne.fr\/Union_Vienne_2016\/wordpress\/wp-json\/wp\/v2\/pages\/2313\/revisions\/2314"}],"up":[{"embeddable":true,"href":"https:\/\/unionpourlavienne.fr\/Union_Vienne_2016\/wordpress\/wp-json\/wp\/v2\/pages\/22"}],"wp:attachment":[{"href":"https:\/\/unionpourlavienne.fr\/Union_Vienne_2016\/wordpress\/wp-json\/wp\/v2\/media?parent=2313"}],"curies":[{"name":"wp","href":"https:\/\/api.w.org\/{rel}","templated":true}]}}