{"id":2582,"date":"2018-02-28T15:14:00","date_gmt":"2018-02-28T14:14:00","guid":{"rendered":"http:\/\/unionpourlavienne.fr\/Union_Vienne_2016\/wordpress\/?page_id=2582"},"modified":"2018-02-28T15:14:00","modified_gmt":"2018-02-28T14:14:00","slug":"janvier-2018","status":"publish","type":"page","link":"https:\/\/unionpourlavienne.fr\/Union_Vienne_2016\/wordpress\/les-elus\/la-tribune\/janvier-2018\/","title":{"rendered":"Janvier 2018"},"content":{"rendered":"<h1><a href=\"http:\/\/www.lavienne86.fr\/publication\/94\/26-la-vienne-le-magazine.htm?TELECHARGER=1\" target=\"_blank\" rel=\"noopener noreferrer\"><img loading=\"lazy\" class=\"alignright size-full wp-image-2523\" src=\"https:\/\/unionpourlavienne.fr\/Union_Vienne_2016\/wordpress\/wp-content\/uploads\/2018\/01\/Janvier2018.jpg\" alt=\"\" width=\"250\" height=\"350\" srcset=\"https:\/\/unionpourlavienne.fr\/Union_Vienne_2016\/wordpress\/wp-content\/uploads\/2018\/01\/Janvier2018.jpg 250w, https:\/\/unionpourlavienne.fr\/Union_Vienne_2016\/wordpress\/wp-content\/uploads\/2018\/01\/Janvier2018-214x300.jpg 214w\" sizes=\"(max-width: 250px) 100vw, 250px\" \/><\/a>Les 14 priorit\u00e9s du D\u00e9partement : on avance vraiment !<\/h1>\n<p>D\u00e8s son \u00e9lection \u00e0 la t\u00eate du D\u00e9partement en mars 2015, le Pr\u00e9sident Bruno BELIN a mis en place 14 priorit\u00e9s avec les membres de sa Majorit\u00e9 D\u00e9partementale pour construire la Vienne de 2025. Il s&rsquo;agit d&rsquo;une v\u00e9ritable feuille de route avec des objectifs \u00e0 atteindre dans des temps impartis, prouvant l&rsquo;engagement de toute une \u00e9quipe au service d&rsquo;un territoire.<\/p>\n<p>En moins de trois ans, les r\u00e9sultats sont d&rsquo;ores et d\u00e9j\u00e0 probants avec le plan num\u00e9rique a permis 112 mont\u00e9es en d\u00e9bit, 95% des lignes de la Vienne seront raccord\u00e9es au haut d\u00e9bit en 2020.<\/p>\n<p>De nombreux travaux routiers sont termin\u00e9s (Carrefour de Chalais, Mur de Danlot \u00e0 Aslonnes, Nouaill\u00e9- Maupertuis, etc.) et 4 millions d&rsquo;euros sont pr\u00e9vus pour de gros travaux en 2018, notamment sur la RD 749 \u00e0 Bonneuil-Matours.<\/p>\n<p>Quant aux coll\u00e8ges, 10 millions d&rsquo;euros ont \u00e9t\u00e9 attribu\u00e9s \u00e0 leur modernisation, un 35e coll\u00e8ge sera inaugur\u00e9 en 2022 et Henri IV ouvrira ses portes en 2024.<\/p>\n<p>La d\u00e9marche incitative sportive et culturelle en faveur de la jeunesse est en pleine \u00e9volution, pr\u00e8s de 100 000 spectateurs ont assist\u00e9 aux 13 concerts des \u00ab\u00a0Heures Vagabondes\u00a0\u00bb qui seront maintenues pour 2018.<\/p>\n<p>D&rsquo;autre part, le premier Sch\u00e9ma de l&rsquo;Habitat 2017-2022 a vu le jour avec 6 000 logements aid\u00e9s et 1 000 logements engag\u00e9s en 2017 et une Maison de l&rsquo;Habitat sera cr\u00e9e en 2018.<\/p>\n<p>Le tourisme est au vert avec plus de 2 millions de visiteurs pour les 30 ans du Futuroscope, l&rsquo;\u00e9tude de faisabilit\u00e9 de l&rsquo;Ar\u00e9na Futuroscope est valid\u00e9e, l&rsquo;Institut Robuchon a obtenu son permis de construire tandis que le Salon Proxi&rsquo;Loisirs revient \u00e0 Poitiers en 2018.<\/p>\n<p>Du c\u00f4t\u00e9 des maisons de retraites, des autorisations ont \u00e9t\u00e9 accord\u00e9es pour l&rsquo;extension de quatre EHPAD et 140 places suppl\u00e9mentaires. Dix sept maisons de sant\u00e9 se sont ouvertes, 14 m\u00e9decins \u00ab\u00a0boursiers\u00a0\u00bb se sont install\u00e9s en milieu rural.<\/p>\n<p>De plus, 70 millions d&rsquo;euros ont \u00e9t\u00e9 consacr\u00e9s en soutien aux communes via le dispositif d&rsquo;ACTIV&rsquo; &#8230; et la liste est loin d&rsquo;\u00eatre exhaustive. La Vienne, port\u00e9e par une \u00e9quipe dynamique et engag\u00e9e qui vous souhaite une tr\u00e8s bonne ann\u00e9e, avance vraiment !<\/p>\n","protected":false},"excerpt":{"rendered":"<p>Les 14 priorit\u00e9s du D\u00e9partement : on avance vraiment ! D\u00e8s son \u00e9lection \u00e0 la t\u00eate du D\u00e9partement en mars<\/p>\n","protected":false},"author":1,"featured_media":0,"parent":22,"menu_order":0,"comment_status":"closed","ping_status":"closed","template":"","meta":[],"_links":{"self":[{"href":"https:\/\/unionpourlavienne.fr\/Union_Vienne_2016\/wordpress\/wp-json\/wp\/v2\/pages\/2582"}],"collection":[{"href":"https:\/\/unionpourlavienne.fr\/Union_Vienne_2016\/wordpress\/wp-json\/wp\/v2\/pages"}],"about":[{"href":"https:\/\/unionpourlavienne.fr\/Union_Vienne_2016\/wordpress\/wp-json\/wp\/v2\/types\/page"}],"author":[{"embeddable":true,"href":"https:\/\/unionpourlavienne.fr\/Union_Vienne_2016\/wordpress\/wp-json\/wp\/v2\/users\/1"}],"replies":[{"embeddable":true,"href":"https:\/\/unionpourlavienne.fr\/Union_Vienne_2016\/wordpress\/wp-json\/wp\/v2\/comments?post=2582"}],"version-history":[{"count":1,"href":"https:\/\/unionpourlavienne.fr\/Union_Vienne_2016\/wordpress\/wp-json\/wp\/v2\/pages\/2582\/revisions"}],"predecessor-version":[{"id":2583,"href":"https:\/\/unionpourlavienne.fr\/Union_Vienne_2016\/wordpress\/wp-json\/wp\/v2\/pages\/2582\/revisions\/2583"}],"up":[{"embeddable":true,"href":"https:\/\/unionpourlavienne.fr\/Union_Vienne_2016\/wordpress\/wp-json\/wp\/v2\/pages\/22"}],"wp:attachment":[{"href":"https:\/\/unionpourlavienne.fr\/Union_Vienne_2016\/wordpress\/wp-json\/wp\/v2\/media?parent=2582"}],"curies":[{"name":"wp","href":"https:\/\/api.w.org\/{rel}","templated":true}]}}

<h1><a href="http://www.lavienne86.fr/publication/94/26-la-vienne-le-magazine.htm?TELECHARGER=1" target="_blank" rel="noopener noreferrer"><img loading="lazy" class="alignright size-full wp-image-2523" src="https://unionpourlavienne.fr/Union_Vienne_2016/wordpress/wp-content/uploads/2018/01/Janvier2018.jpg" alt="" width="250" height="350" srcset="https://unionpourlavienne.fr/Union_Vienne_2016/wordpress/wp-content/uploads/2018/01/Janvier2018.jpg 250w, https://unionpourlavienne.fr/Union_Vienne_2016/wordpress/wp-content/uploads/2018/01/Janvier2018-214x300.jpg 214w" sizes="(max-width: 250px) 100vw, 250px" /></a>Les 14 priorités du Département : on avance vraiment !</h1>
<p>Dès son élection à la tête du Département en mars 2015, le Président Bruno BELIN a mis en place 14 priorités avec les membres de sa Majorité Départementale pour construire la Vienne de 2025. Il s&rsquo;agit d&rsquo;une véritable feuille de route avec des objectifs à atteindre dans des temps impartis, prouvant l&rsquo;engagement de toute une équipe au service d&rsquo;un territoire.</p>
<p>En moins de trois ans, les résultats sont d&rsquo;ores et déjà probants avec le plan numérique a permis 112 montées en débit, 95% des lignes de la Vienne seront raccordées au haut débit en 2020.</p>
<p>De nombreux travaux routiers sont terminés (Carrefour de Chalais, Mur de Danlot à Aslonnes, Nouaillé- Maupertuis, etc.) et 4 millions d&rsquo;euros sont prévus pour de gros travaux en 2018, notamment sur la RD 749 à Bonneuil-Matours.</p>
<p>Quant aux collèges, 10 millions d&rsquo;euros ont été attribués à leur modernisation, un 35e collège sera inauguré en 2022 et Henri IV ouvrira ses portes en 2024.</p>
<p>La démarche incitative sportive et culturelle en faveur de la jeunesse est en pleine évolution, près de 100 000 spectateurs ont assisté aux 13 concerts des « Heures Vagabondes » qui seront maintenues pour 2018.</p>
<p>D&rsquo;autre part, le premier Schéma de l&rsquo;Habitat 2017-2022 a vu le jour avec 6 000 logements aidés et 1 000 logements engagés en 2017 et une Maison de l&rsquo;Habitat sera crée en 2018.</p>
<p>Le tourisme est au vert avec plus de 2 millions de visiteurs pour les 30 ans du Futuroscope, l&rsquo;étude de faisabilité de l&rsquo;Aréna Futuroscope est validée, l&rsquo;Institut Robuchon a obtenu son permis de construire tandis que le Salon Proxi&rsquo;Loisirs revient à Poitiers en 2018.</p>
<p>Du côté des maisons de retraites, des autorisations ont été accordées pour l&rsquo;extension de quatre EHPAD et 140 places supplémentaires. Dix sept maisons de santé se sont ouvertes, 14 médecins « boursiers » se sont installés en milieu rural.</p>
<p>De plus, 70 millions d&rsquo;euros ont été consacrés en soutien aux communes via le dispositif d&rsquo;ACTIV&rsquo; &#8230; et la liste est loin d&rsquo;être exhaustive. La Vienne, portée par une équipe dynamique et engagée qui vous souhaite une très bonne année, avance vraiment !</p>

<p>Les 14 priorités du Département : on avance vraiment ! Dès son élection à la tête du Département en mars</p>
