{"id":2781,"date":"2018-05-15T15:37:43","date_gmt":"2018-05-15T14:37:43","guid":{"rendered":"http:\/\/unionpourlavienne.fr\/Union_Vienne_2016\/wordpress\/?page_id=2781"},"modified":"2018-05-15T15:37:43","modified_gmt":"2018-05-15T14:37:43","slug":"avril-2018","status":"publish","type":"page","link":"https:\/\/unionpourlavienne.fr\/Union_Vienne_2016\/wordpress\/les-elus\/la-tribune\/avril-2018\/","title":{"rendered":"Avril 2018"},"content":{"rendered":"<h1><img loading=\"lazy\" class=\"alignright size-full wp-image-2782\" src=\"https:\/\/unionpourlavienne.fr\/Union_Vienne_2016\/wordpress\/wp-content\/uploads\/2018\/05\/avril2018.jpg\" alt=\"\" width=\"250\" height=\"350\" srcset=\"https:\/\/unionpourlavienne.fr\/Union_Vienne_2016\/wordpress\/wp-content\/uploads\/2018\/05\/avril2018.jpg 250w, https:\/\/unionpourlavienne.fr\/Union_Vienne_2016\/wordpress\/wp-content\/uploads\/2018\/05\/avril2018-214x300.jpg 214w\" sizes=\"(max-width: 250px) 100vw, 250px\" \/>Des projets pour pr\u00e9parer l\u2019avenir<\/h1>\n<p>Le vote du Budget Primitif 2018 au d\u00e9but du mois de mars dernier a confirm\u00e9 la d\u00e9termination du Groupe des \u00c9lus de la Majorit\u00e9.<\/p>\n<p>L&rsquo;ouverture d&rsquo;un 35<sup>e<\/sup> \u00a0coll\u00e8ge \u00e0 Vouneuil-sous-Biard (15 M\u20ac) est act\u00e9e pour la rentr\u00e9e de septembre 2021. Les \u00e9tudes vont d\u00e9marrer d\u00e8s cette ann\u00e9e. Le calendrier pour la construction de deux nouveaux centres de secours et d&rsquo;incendie, financ\u00e9s par le D\u00e9partement, \u00e0 hauteur de 11,7 M\u20ac situ\u00e9s dans les quartiers de Saint- Eloi et de la Blaiserie, sera tenu pour 2019 et 2020. Une partie du plan de d\u00e9veloppement 2018\/2022 du Parc du Futuroscope (4,5 M\u20ac) permettra de financer la construction d&rsquo;un pavillon destin\u00e9 \u00e0 accueillir la nouveaut\u00e9 majeure de d\u00e9cembre 2019 : le centre d&rsquo;entra\u00eenement spatial de la \u00ab\u00a0Mission Kepler\u00a0\u00bb.<\/p>\n<p>L&rsquo;\u00e9tude de faisabilit\u00e9 de l&rsquo;Ar\u00e9na Futuroscope a d\u00e9montr\u00e9 la pertinence de cet \u00e9quipement pour la Vienne. Bien que le timing soit serr\u00e9, le dossier avance au m\u00eame titre que le projet d\u2019Historial du Poitou, \u00e0 Monts-sur-Guesnes, dont la r\u00e9alisation interviendra dans l\u2019enceinte m\u00eame du ch\u00e2teau.<\/p>\n<p>Malgr\u00e9 les concours financiers de l&rsquo;Etat qui ne cessent de diminuer et des d\u00e9penses solidarit\u00e9 obligatoires en augmentation permanente, repr\u00e9sentant 60% des d\u00e9penses de fonctionnement, l\u2019\u00e9quipe que conduit le Pr\u00e9sident Bruno Belin est plus que jamais tourn\u00e9e vers l&rsquo;avenir, \u00e0 la barre d&rsquo;un D\u00e9partement atypique.<\/p>\n<p>L&rsquo;accompagnement des communes et le soutien aux communaut\u00e9s de communes et d&rsquo;agglom\u00e9ration demeurent aussi une grande priorit\u00e9 \u00e0 travers le programme ACTIV&rsquo;. Apr\u00e8s quatre contrats de territoires sign\u00e9s l&rsquo;an dernier, trois nouveaux le seront cette ann\u00e9e (Haut-Poitou, Vienne et Gartempe et Grand Poitiers). Il n&rsquo;a jamais \u00e9t\u00e9 autant fait par le D\u00e9partement pour Grand Poitiers que sous cette mandature, avec 118 M\u20ac qui seront inject\u00e9s sur son territoire.<\/p>\n<p>En r\u00e9sum\u00e9, c&rsquo;est le r\u00e9sultat d&rsquo;une volont\u00e9 politique assum\u00e9e : une ma\u00eetrise budg\u00e9taire qui permet la r\u00e9alisation de projets et le maintien d&rsquo;un niveau d&rsquo;investissement de 20%, sans augmentation des imp\u00f4ts.<\/p>\n<p>&nbsp;<\/p>\n","protected":false},"excerpt":{"rendered":"<p>Des projets pour pr\u00e9parer l\u2019avenir Le vote du Budget Primitif 2018 au d\u00e9but du mois de mars dernier a confirm\u00e9<\/p>\n","protected":false},"author":1,"featured_media":0,"parent":22,"menu_order":0,"comment_status":"closed","ping_status":"closed","template":"","meta":[],"_links":{"self":[{"href":"https:\/\/unionpourlavienne.fr\/Union_Vienne_2016\/wordpress\/wp-json\/wp\/v2\/pages\/2781"}],"collection":[{"href":"https:\/\/unionpourlavienne.fr\/Union_Vienne_2016\/wordpress\/wp-json\/wp\/v2\/pages"}],"about":[{"href":"https:\/\/unionpourlavienne.fr\/Union_Vienne_2016\/wordpress\/wp-json\/wp\/v2\/types\/page"}],"author":[{"embeddable":true,"href":"https:\/\/unionpourlavienne.fr\/Union_Vienne_2016\/wordpress\/wp-json\/wp\/v2\/users\/1"}],"replies":[{"embeddable":true,"href":"https:\/\/unionpourlavienne.fr\/Union_Vienne_2016\/wordpress\/wp-json\/wp\/v2\/comments?post=2781"}],"version-history":[{"count":1,"href":"https:\/\/unionpourlavienne.fr\/Union_Vienne_2016\/wordpress\/wp-json\/wp\/v2\/pages\/2781\/revisions"}],"predecessor-version":[{"id":2783,"href":"https:\/\/unionpourlavienne.fr\/Union_Vienne_2016\/wordpress\/wp-json\/wp\/v2\/pages\/2781\/revisions\/2783"}],"up":[{"embeddable":true,"href":"https:\/\/unionpourlavienne.fr\/Union_Vienne_2016\/wordpress\/wp-json\/wp\/v2\/pages\/22"}],"wp:attachment":[{"href":"https:\/\/unionpourlavienne.fr\/Union_Vienne_2016\/wordpress\/wp-json\/wp\/v2\/media?parent=2781"}],"curies":[{"name":"wp","href":"https:\/\/api.w.org\/{rel}","templated":true}]}}

<h1><img loading="lazy" class="alignright size-full wp-image-2782" src="https://unionpourlavienne.fr/Union_Vienne_2016/wordpress/wp-content/uploads/2018/05/avril2018.jpg" alt="" width="250" height="350" srcset="https://unionpourlavienne.fr/Union_Vienne_2016/wordpress/wp-content/uploads/2018/05/avril2018.jpg 250w, https://unionpourlavienne.fr/Union_Vienne_2016/wordpress/wp-content/uploads/2018/05/avril2018-214x300.jpg 214w" sizes="(max-width: 250px) 100vw, 250px" />Des projets pour préparer l’avenir</h1>
<p>Le vote du Budget Primitif 2018 au début du mois de mars dernier a confirmé la détermination du Groupe des Élus de la Majorité.</p>
<p>L&rsquo;ouverture d&rsquo;un 35<sup>e</sup>  collège à Vouneuil-sous-Biard (15 M€) est actée pour la rentrée de septembre 2021. Les études vont démarrer dès cette année. Le calendrier pour la construction de deux nouveaux centres de secours et d&rsquo;incendie, financés par le Département, à hauteur de 11,7 M€ situés dans les quartiers de Saint- Eloi et de la Blaiserie, sera tenu pour 2019 et 2020. Une partie du plan de développement 2018/2022 du Parc du Futuroscope (4,5 M€) permettra de financer la construction d&rsquo;un pavillon destiné à accueillir la nouveauté majeure de décembre 2019 : le centre d&rsquo;entraînement spatial de la « Mission Kepler ».</p>
<p>L&rsquo;étude de faisabilité de l&rsquo;Aréna Futuroscope a démontré la pertinence de cet équipement pour la Vienne. Bien que le timing soit serré, le dossier avance au même titre que le projet d’Historial du Poitou, à Monts-sur-Guesnes, dont la réalisation interviendra dans l’enceinte même du château.</p>
<p>Malgré les concours financiers de l&rsquo;Etat qui ne cessent de diminuer et des dépenses solidarité obligatoires en augmentation permanente, représentant 60% des dépenses de fonctionnement, l’équipe que conduit le Président Bruno Belin est plus que jamais tournée vers l&rsquo;avenir, à la barre d&rsquo;un Département atypique.</p>
<p>L&rsquo;accompagnement des communes et le soutien aux communautés de communes et d&rsquo;agglomération demeurent aussi une grande priorité à travers le programme ACTIV&rsquo;. Après quatre contrats de territoires signés l&rsquo;an dernier, trois nouveaux le seront cette année (Haut-Poitou, Vienne et Gartempe et Grand Poitiers). Il n&rsquo;a jamais été autant fait par le Département pour Grand Poitiers que sous cette mandature, avec 118 M€ qui seront injectés sur son territoire.</p>
<p>En résumé, c&rsquo;est le résultat d&rsquo;une volonté politique assumée : une maîtrise budgétaire qui permet la réalisation de projets et le maintien d&rsquo;un niveau d&rsquo;investissement de 20%, sans augmentation des impôts.</p>
<p>&nbsp;</p>

<p>Des projets pour préparer l’avenir Le vote du Budget Primitif 2018 au début du mois de mars dernier a confirmé</p>
