{"id":32,"date":"2016-02-17T15:59:34","date_gmt":"2016-02-17T14:59:34","guid":{"rendered":"http:\/\/unionpourlavienne.fr\/Union_Vienne_2016\/wordpress\/?page_id=32"},"modified":"2016-04-28T09:35:50","modified_gmt":"2016-04-28T08:35:50","slug":"sabonner","status":"publish","type":"page","link":"https:\/\/unionpourlavienne.fr\/Union_Vienne_2016\/wordpress\/sabonner\/","title":{"rendered":"S&rsquo;abonner"},"content":{"rendered":"<p align=\"center\">Pour rester inform\u00e9 de l\u2019actualit\u00e9 du site des \u00e9lus de la majorit\u00e9 d\u00e9partementale, abonnez-vous \u00e0 notre liste de diffusion (un envoi par semaine max.).<\/p>\n<p><iframe loading=\"lazy\" src=\"http:\/\/unionpourlavienne.fr\/form.php\" width=\"100%\" height=\"300\"><\/iframe><\/p>\n","protected":false},"excerpt":{"rendered":"<p>Pour rester inform\u00e9 de l\u2019actualit\u00e9 du site des \u00e9lus de la majorit\u00e9 d\u00e9partementale, abonnez-vous \u00e0 notre liste de diffusion (un<\/p>\n","protected":false},"author":1,"featured_media":0,"parent":0,"menu_order":0,"comment_status":"closed","ping_status":"closed","template":"","meta":[],"_links":{"self":[{"href":"https:\/\/unionpourlavienne.fr\/Union_Vienne_2016\/wordpress\/wp-json\/wp\/v2\/pages\/32"}],"collection":[{"href":"https:\/\/unionpourlavienne.fr\/Union_Vienne_2016\/wordpress\/wp-json\/wp\/v2\/pages"}],"about":[{"href":"https:\/\/unionpourlavienne.fr\/Union_Vienne_2016\/wordpress\/wp-json\/wp\/v2\/types\/page"}],"author":[{"embeddable":true,"href":"https:\/\/unionpourlavienne.fr\/Union_Vienne_2016\/wordpress\/wp-json\/wp\/v2\/users\/1"}],"replies":[{"embeddable":true,"href":"https:\/\/unionpourlavienne.fr\/Union_Vienne_2016\/wordpress\/wp-json\/wp\/v2\/comments?post=32"}],"version-history":[{"count":3,"href":"https:\/\/unionpourlavienne.fr\/Union_Vienne_2016\/wordpress\/wp-json\/wp\/v2\/pages\/32\/revisions"}],"predecessor-version":[{"id":1094,"href":"https:\/\/unionpourlavienne.fr\/Union_Vienne_2016\/wordpress\/wp-json\/wp\/v2\/pages\/32\/revisions\/1094"}],"wp:attachment":[{"href":"https:\/\/unionpourlavienne.fr\/Union_Vienne_2016\/wordpress\/wp-json\/wp\/v2\/media?parent=32"}],"curies":[{"name":"wp","href":"https:\/\/api.w.org\/{rel}","templated":true}]}}

<p align="center">Pour rester informé de l’actualité du site des élus de la majorité départementale, abonnez-vous à notre liste de diffusion (un envoi par semaine max.).</p>
<p><iframe loading="lazy" src="http://unionpourlavienne.fr/form.php" width="100%" height="300"></iframe></p>

<p>Pour rester informé de l’actualité du site des élus de la majorité départementale, abonnez-vous à notre liste de diffusion (un</p>
