{"id":336,"date":"2016-02-22T11:51:55","date_gmt":"2016-02-22T10:51:55","guid":{"rendered":"http:\/\/unionpourlavienne.fr\/Union_Vienne_2016\/wordpress\/?page_id=336"},"modified":"2021-07-07T14:40:53","modified_gmt":"2021-07-07T13:40:53","slug":"chauvigny","status":"publish","type":"page","link":"https:\/\/unionpourlavienne.fr\/Union_Vienne_2016\/wordpress\/le-departement\/les-19-cantons\/chauvigny\/","title":{"rendered":"Chauvigny"},"content":{"rendered":"<p><img loading=\"lazy\" class=\"alignnone size-full wp-image-525 aligncenter\" src=\"https:\/\/unionpourlavienne.fr\/Union_Vienne_2016\/wordpress\/wp-content\/uploads\/2016\/02\/Chauvigny.jpg\" alt=\"Chauvigny\" width=\"536\" height=\"497\" srcset=\"https:\/\/unionpourlavienne.fr\/Union_Vienne_2016\/wordpress\/wp-content\/uploads\/2016\/02\/Chauvigny.jpg 536w, https:\/\/unionpourlavienne.fr\/Union_Vienne_2016\/wordpress\/wp-content\/uploads\/2016\/02\/Chauvigny-300x278.jpg 300w\" sizes=\"(max-width: 536px) 100vw, 536px\" \/><\/p>\n<h3>Les communes<\/h3>\n<p>Archigny, Availles en Ch\u00e2tellerault, Bellefonds, Bonneuil Matours, Cenon sur Vienne, Chapelle Viviers, Chauvigny, Fleix, Lauthiers, Leignes sur Fontaine, Monthoiron, Paizay le Sec, Sainte Radegonde, Valdivienne, Vouneuil sur Vienne<\/p>\n<p>&nbsp;<\/p>\n<h3>Les \u00e9lus<\/h3>\n<table border=\"0\" width=\"100%\" cellspacing=\"0\" cellpadding=\"10\">\n<tbody>\n<tr>\n<td align=\"center\" width=\"50%\"><img loading=\"lazy\" class=\"alignnone size-full wp-image-3789\" src=\"https:\/\/unionpourlavienne.fr\/Union_Vienne_2016\/wordpress\/wp-content\/uploads\/2021\/07\/IB.jpg\" alt=\"\" width=\"200\" height=\"200\" srcset=\"https:\/\/unionpourlavienne.fr\/Union_Vienne_2016\/wordpress\/wp-content\/uploads\/2021\/07\/IB.jpg 200w, https:\/\/unionpourlavienne.fr\/Union_Vienne_2016\/wordpress\/wp-content\/uploads\/2021\/07\/IB-150x150.jpg 150w\" sizes=\"(max-width: 200px) 100vw, 200px\" \/><\/td>\n<td align=\"center\" width=\"50%\">\u00a0<img loading=\"lazy\" class=\"alignnone size-full wp-image-3786\" src=\"https:\/\/unionpourlavienne.fr\/Union_Vienne_2016\/wordpress\/wp-content\/uploads\/2021\/07\/GH.jpg\" alt=\"\" width=\"200\" height=\"200\" srcset=\"https:\/\/unionpourlavienne.fr\/Union_Vienne_2016\/wordpress\/wp-content\/uploads\/2021\/07\/GH.jpg 200w, https:\/\/unionpourlavienne.fr\/Union_Vienne_2016\/wordpress\/wp-content\/uploads\/2021\/07\/GH-150x150.jpg 150w\" sizes=\"(max-width: 200px) 100vw, 200px\" \/><\/td>\n<\/tr>\n<tr>\n<td align=\"center\" width=\"50%\">\u00a0<a href=\"https:\/\/unionpourlavienne.fr\/Union_Vienne_2016\/wordpress\/tag\/isabelle-barreau\/\">Isabelle BARREAU<\/a><\/td>\n<td align=\"center\" width=\"50%\">G\u00e9rard HERBERT<\/td>\n<\/tr>\n<tr>\n<td align=\"center\" width=\"50%\">Conseill\u00e8re D\u00e9partementale D\u00e9l\u00e9gu\u00e9e, en charge du Tourisme et de l\u2019Attractivit\u00e9<\/td>\n<td align=\"center\" width=\"50%\">\u00a0Conseiller D\u00e9partemental<\/td>\n<\/tr>\n<\/tbody>\n<\/table>\n","protected":false},"excerpt":{"rendered":"<p>Les communes Archigny, Availles en Ch\u00e2tellerault, Bellefonds, Bonneuil Matours, Cenon sur Vienne, Chapelle Viviers, Chauvigny, Fleix, Lauthiers, Leignes sur Fontaine,<\/p>\n","protected":false},"author":1,"featured_media":0,"parent":30,"menu_order":0,"comment_status":"closed","ping_status":"closed","template":"","meta":[],"_links":{"self":[{"href":"https:\/\/unionpourlavienne.fr\/Union_Vienne_2016\/wordpress\/wp-json\/wp\/v2\/pages\/336"}],"collection":[{"href":"https:\/\/unionpourlavienne.fr\/Union_Vienne_2016\/wordpress\/wp-json\/wp\/v2\/pages"}],"about":[{"href":"https:\/\/unionpourlavienne.fr\/Union_Vienne_2016\/wordpress\/wp-json\/wp\/v2\/types\/page"}],"author":[{"embeddable":true,"href":"https:\/\/unionpourlavienne.fr\/Union_Vienne_2016\/wordpress\/wp-json\/wp\/v2\/users\/1"}],"replies":[{"embeddable":true,"href":"https:\/\/unionpourlavienne.fr\/Union_Vienne_2016\/wordpress\/wp-json\/wp\/v2\/comments?post=336"}],"version-history":[{"count":5,"href":"https:\/\/unionpourlavienne.fr\/Union_Vienne_2016\/wordpress\/wp-json\/wp\/v2\/pages\/336\/revisions"}],"predecessor-version":[{"id":3848,"href":"https:\/\/unionpourlavienne.fr\/Union_Vienne_2016\/wordpress\/wp-json\/wp\/v2\/pages\/336\/revisions\/3848"}],"up":[{"embeddable":true,"href":"https:\/\/unionpourlavienne.fr\/Union_Vienne_2016\/wordpress\/wp-json\/wp\/v2\/pages\/30"}],"wp:attachment":[{"href":"https:\/\/unionpourlavienne.fr\/Union_Vienne_2016\/wordpress\/wp-json\/wp\/v2\/media?parent=336"}],"curies":[{"name":"wp","href":"https:\/\/api.w.org\/{rel}","templated":true}]}}

<p><img loading="lazy" class="alignnone size-full wp-image-525 aligncenter" src="https://unionpourlavienne.fr/Union_Vienne_2016/wordpress/wp-content/uploads/2016/02/Chauvigny.jpg" alt="Chauvigny" width="536" height="497" srcset="https://unionpourlavienne.fr/Union_Vienne_2016/wordpress/wp-content/uploads/2016/02/Chauvigny.jpg 536w, https://unionpourlavienne.fr/Union_Vienne_2016/wordpress/wp-content/uploads/2016/02/Chauvigny-300x278.jpg 300w" sizes="(max-width: 536px) 100vw, 536px" /></p>
<h3>Les communes</h3>
<p>Archigny, Availles en Châtellerault, Bellefonds, Bonneuil Matours, Cenon sur Vienne, Chapelle Viviers, Chauvigny, Fleix, Lauthiers, Leignes sur Fontaine, Monthoiron, Paizay le Sec, Sainte Radegonde, Valdivienne, Vouneuil sur Vienne</p>
<p>&nbsp;</p>
<h3>Les élus</h3>
<table border="0" width="100%" cellspacing="0" cellpadding="10">
<tbody>
<tr>
<td align="center" width="50%"><img loading="lazy" class="alignnone size-full wp-image-3789" src="https://unionpourlavienne.fr/Union_Vienne_2016/wordpress/wp-content/uploads/2021/07/IB.jpg" alt="" width="200" height="200" srcset="https://unionpourlavienne.fr/Union_Vienne_2016/wordpress/wp-content/uploads/2021/07/IB.jpg 200w, https://unionpourlavienne.fr/Union_Vienne_2016/wordpress/wp-content/uploads/2021/07/IB-150x150.jpg 150w" sizes="(max-width: 200px) 100vw, 200px" /></td>
<td align="center" width="50%"> <img loading="lazy" class="alignnone size-full wp-image-3786" src="https://unionpourlavienne.fr/Union_Vienne_2016/wordpress/wp-content/uploads/2021/07/GH.jpg" alt="" width="200" height="200" srcset="https://unionpourlavienne.fr/Union_Vienne_2016/wordpress/wp-content/uploads/2021/07/GH.jpg 200w, https://unionpourlavienne.fr/Union_Vienne_2016/wordpress/wp-content/uploads/2021/07/GH-150x150.jpg 150w" sizes="(max-width: 200px) 100vw, 200px" /></td>
</tr>
<tr>
<td align="center" width="50%"> <a href="https://unionpourlavienne.fr/Union_Vienne_2016/wordpress/tag/isabelle-barreau/">Isabelle BARREAU</a></td>
<td align="center" width="50%">Gérard HERBERT</td>
</tr>
<tr>
<td align="center" width="50%">Conseillère Départementale Déléguée, en charge du Tourisme et de l’Attractivité</td>
<td align="center" width="50%"> Conseiller Départemental</td>
</tr>
</tbody>
</table>

<p>Les communes Archigny, Availles en Châtellerault, Bellefonds, Bonneuil Matours, Cenon sur Vienne, Chapelle Viviers, Chauvigny, Fleix, Lauthiers, Leignes sur Fontaine,</p>
