{"id":3456,"date":"2019-06-26T15:16:25","date_gmt":"2019-06-26T14:16:25","guid":{"rendered":"http:\/\/unionpourlavienne.fr\/Union_Vienne_2016\/wordpress\/?page_id=3456"},"modified":"2019-06-26T15:16:25","modified_gmt":"2019-06-26T14:16:25","slug":"juin-2019","status":"publish","type":"page","link":"https:\/\/unionpourlavienne.fr\/Union_Vienne_2016\/wordpress\/les-elus\/la-tribune\/juin-2019\/","title":{"rendered":"Juin 2019"},"content":{"rendered":"<h1><a href=\"http:\/\/www.lavienne86.fr\/publication\/107\/26-la-vienne-le-magazine.htm?TELECHARGER=1\" target=\"_blank\" rel=\"noopener noreferrer\"><img loading=\"lazy\" class=\"alignright size-full wp-image-3457\" src=\"https:\/\/unionpourlavienne.fr\/Union_Vienne_2016\/wordpress\/wp-content\/uploads\/2019\/06\/Juin2019.jpg\" alt=\"\" width=\"250\" height=\"350\" srcset=\"https:\/\/unionpourlavienne.fr\/Union_Vienne_2016\/wordpress\/wp-content\/uploads\/2019\/06\/Juin2019.jpg 250w, https:\/\/unionpourlavienne.fr\/Union_Vienne_2016\/wordpress\/wp-content\/uploads\/2019\/06\/Juin2019-214x300.jpg 214w\" sizes=\"(max-width: 250px) 100vw, 250px\" \/><\/a>Le D\u00e9partement soutient nos a\u00een\u00e9s<\/h1>\n<p>Le D\u00e9partement consacre 63% de ses d\u00e9penses de fonctionnement aux Solidarit\u00e9s, dont pr\u00e8s de 61 millions d\u2019euros aux personnes \u00e2g\u00e9es, <strong>soit une augmentation de 2,42% par rapport au budget 2018<\/strong>. C\u2019est un montant consid\u00e9rable qui traduit notre volont\u00e9 d\u2019\u00eatre pr\u00e9sents en permanence aux c\u00f4t\u00e9s de nos a\u00een\u00e9s pour les accompagner dans leur vie quotidienne. La solidarit\u00e9 avec les personnes \u00e2g\u00e9es est une comp\u00e9tence du D\u00e9partement. Notre soci\u00e9t\u00e9 vieillit et on se doit de pr\u00e9venir cette \u00e9volution par une adaptation.<\/p>\n<p>En 2018, l\u2019Allocation Personnalis\u00e9e d\u2019Autonomie (APA) a \u00e9t\u00e9 octroy\u00e9e par le Conseil D\u00e9partemental \u00e0 pr\u00e8s de 10 000 b\u00e9n\u00e9ficiaires. Cette allocation est une aide pour l\u2019accomplissement des t\u00e2ches quotidiennes, r\u00e9alis\u00e9es la plupart du temps par un prestataire de services. \u00c0 cet effet, le D\u00e9partement a vers\u00e9 13,1 millions d\u2019euros \u00e0 la F\u00e9d\u00e9ration d\u2019Aide \u00e0 Domicile en Milieu Rural (ADMR) de la Vienne qui compte pr\u00e8s de 1 600 salari\u00e9s.<\/p>\n<p>Habilit\u00e9e \u00e0 l&rsquo;aide sociale, comme d&rsquo;autres associations \u00e0 but non lucratif, <strong>le prix de la journ\u00e9e est int\u00e9gralement pris en charge par le D\u00e9partement<\/strong>. C&rsquo;est \u00e7a la solidarit\u00e9 avec nos a\u00een\u00e9s !<\/p>\n<p>Le D\u00e9partement a \u00e9galement orient\u00e9 sa politique de prise en compte du vieillissement vers des investissements importants dans les EHPAD (\u00c9tablissement d\u2019H\u00e9bergement pour Personnes \u00c2g\u00e9es D\u00e9pendantes) r\u00e9partis sur tout le territoire. La Majorit\u00e9 D\u00e9partementale souhaite ainsi am\u00e9liorer les services rendus aux r\u00e9sidents qui ne peuvent plus envisager de rester chez eux.<\/p>\n<p>Depuis le d\u00e9but de l\u2019ann\u00e9e, elle travaille \u00e9galement \u00e0 l\u2019\u00e9laboration d\u2019un Sch\u00e9ma Unique des Solidarit\u00e9s pour 2020-2024 qui permettra de r\u00e9unir les sch\u00e9mas existants. L\u2019objectif est de mieux r\u00e9pondre aux besoins sur les territoires. Ce sch\u00e9ma unique sera ax\u00e9 sur l\u2019am\u00e9lioration de la prise en charge et de l\u2019accompagnement \u00e0 domicile. Nous, \u00e9lus de la Majorit\u00e9, sommes sensibles au bien-\u00eatre de nos anciens et avons \u00e0 coeur de <strong>les accompagner au mieux et le plus longtemps possible \u00e0 domicile<\/strong>. Nous ne cesserons de mettre en oeuvre de nouvelles actions pour \u00eatre toujours \u00e0 leurs c\u00f4t\u00e9s.<\/p>\n","protected":false},"excerpt":{"rendered":"<p>Le D\u00e9partement soutient nos a\u00een\u00e9s Le D\u00e9partement consacre 63% de ses d\u00e9penses de fonctionnement aux Solidarit\u00e9s, dont pr\u00e8s de 61<\/p>\n","protected":false},"author":1,"featured_media":0,"parent":22,"menu_order":0,"comment_status":"closed","ping_status":"closed","template":"","meta":[],"_links":{"self":[{"href":"https:\/\/unionpourlavienne.fr\/Union_Vienne_2016\/wordpress\/wp-json\/wp\/v2\/pages\/3456"}],"collection":[{"href":"https:\/\/unionpourlavienne.fr\/Union_Vienne_2016\/wordpress\/wp-json\/wp\/v2\/pages"}],"about":[{"href":"https:\/\/unionpourlavienne.fr\/Union_Vienne_2016\/wordpress\/wp-json\/wp\/v2\/types\/page"}],"author":[{"embeddable":true,"href":"https:\/\/unionpourlavienne.fr\/Union_Vienne_2016\/wordpress\/wp-json\/wp\/v2\/users\/1"}],"replies":[{"embeddable":true,"href":"https:\/\/unionpourlavienne.fr\/Union_Vienne_2016\/wordpress\/wp-json\/wp\/v2\/comments?post=3456"}],"version-history":[{"count":1,"href":"https:\/\/unionpourlavienne.fr\/Union_Vienne_2016\/wordpress\/wp-json\/wp\/v2\/pages\/3456\/revisions"}],"predecessor-version":[{"id":3458,"href":"https:\/\/unionpourlavienne.fr\/Union_Vienne_2016\/wordpress\/wp-json\/wp\/v2\/pages\/3456\/revisions\/3458"}],"up":[{"embeddable":true,"href":"https:\/\/unionpourlavienne.fr\/Union_Vienne_2016\/wordpress\/wp-json\/wp\/v2\/pages\/22"}],"wp:attachment":[{"href":"https:\/\/unionpourlavienne.fr\/Union_Vienne_2016\/wordpress\/wp-json\/wp\/v2\/media?parent=3456"}],"curies":[{"name":"wp","href":"https:\/\/api.w.org\/{rel}","templated":true}]}}