{"id":3818,"date":"2021-07-07T11:12:25","date_gmt":"2021-07-07T10:12:25","guid":{"rendered":"http:\/\/unionpourlavienne.fr\/Union_Vienne_2016\/wordpress\/?page_id=3818"},"modified":"2021-07-07T11:12:25","modified_gmt":"2021-07-07T10:12:25","slug":"novembre-2020","status":"publish","type":"page","link":"https:\/\/unionpourlavienne.fr\/Union_Vienne_2016\/wordpress\/les-elus\/la-tribune\/novembre-2020\/","title":{"rendered":"Novembre 2020"},"content":{"rendered":"<h1>Futuroscope \u00ab\u00a0Vision 2025\u00a0\u00bb<img loading=\"lazy\" class=\"alignright size-full wp-image-3819\" src=\"https:\/\/unionpourlavienne.fr\/Union_Vienne_2016\/wordpress\/wp-content\/uploads\/2021\/07\/csm_COUV-MAG_235f8b9285.jpg\" alt=\"\" width=\"235\" height=\"350\" srcset=\"https:\/\/unionpourlavienne.fr\/Union_Vienne_2016\/wordpress\/wp-content\/uploads\/2021\/07\/csm_COUV-MAG_235f8b9285.jpg 235w, https:\/\/unionpourlavienne.fr\/Union_Vienne_2016\/wordpress\/wp-content\/uploads\/2021\/07\/csm_COUV-MAG_235f8b9285-201x300.jpg 201w\" sizes=\"(max-width: 235px) 100vw, 235px\" \/><\/h1>\n<p>Le march\u00e9 des parcs de loisirs est devenu tr\u00e8s concurrentiel et les modes de consommation ont \u00e9volu\u00e9. Aussi, en juin dernier, le D\u00e9partement a ent\u00e9rin\u00e9 un nouvel accord avec le Parc du Futuroscope, dont il est propri\u00e9taire des murs, afin de d\u00e9velopper son attractivit\u00e9. Il a mis en place un nouveau cadre juridique (Bail Emphyt\u00e9otique Administratif) de mani\u00e8re \u00e0 \u00e9tendre le p\u00e9rim\u00e8tre du Parc, pour augmenter le nombre de visiteurs, cr\u00e9er des emplois et renforcer le rayonnement du site sur l\u2019ensemble\u00a0du territoire. R\u00e9sultat : la signature d\u2019un nouveau bail de 30 ans sur une superficie \u00e9largie avec des projets ambitieux.<\/p>\n<p>Le 12 octobre dernier, le Pr\u00e9sident du D\u00e9partement, \u00e9galement Pr\u00e9sident de la SEML Patrimoniale de la Vienne\u00a0(actionnaire \u00e0 38 % de la S.A. Futuroscope) a sign\u00e9 un nouveau pacte d\u2019actionnaires engageant les partenaires dans un plan d\u2019investissement majeur de 304 millions d\u2019euros sur\u00a010 ans qui pr\u00e9voit de cr\u00e9er un v\u00e9ritable Resort de plus de 22 hectares, un parc aqualudique, de nouveaux h\u00f4tels, etc. d\u2019ici 2025. L\u2019ambition est d\u2019augmenter\u00a0le chiffre d\u2019affaires de 75 %, de faire passer le nombre de visiteurs annuels\u00a0\u00e0 2,5 millions et de cr\u00e9er 750 emplois\u00a0suppl\u00e9mentaires, dont 300 directs. Ce projet s\u2019engage dans la transition \u00e9nerg\u00e9tique avec une d\u00e9marche environnementale exemplaire, visant z\u00e9ro \u00e9mission carbone et z\u00e9ro \u00e9nergie fossile.<\/p>\n<p>Les deux tiers de cet investissement colossal permettront, entre autres, dans les cinq prochaines ann\u00e9es, de d\u00e9velopper trois nouvelles attractions majeures, d\u2019un budget de 20 millions d\u2019euros chacune ! Du jamais vu en France en ces temps de morosit\u00e9 \u00e9conomique due \u00e0 la crise sanitaire. Cette strat\u00e9gie volontariste affich\u00e9e par les \u00e9lus de la Majorit\u00e9 D\u00e9partementale a d\u00e9j\u00e0 trouv\u00e9 un \u00e9cho cet \u00e9t\u00e9, avec l\u2019ouverture de zerOGravity et de la future Arena Futuroscope initi\u00e9e par le D\u00e9partement qui ouvrira au printemps 2022 (6 000 places d\u00e9di\u00e9es \u00e0 la culture et au sport).<\/p>\n<p>Ce programme est le re\ufb02et d\u2019une vision ambitieuse pour le territoire. C\u2019est l\u2019expression d\u2019une volont\u00e9 farouche de faire du Futuroscope et de la Vienne une destination forte et unique. C\u2019est un formidable message de confiance en l\u2019avenir.<\/p>\n","protected":false},"excerpt":{"rendered":"<p>Futuroscope \u00ab\u00a0Vision 2025\u00a0\u00bb Le march\u00e9 des parcs de loisirs est devenu tr\u00e8s concurrentiel et les modes de consommation ont \u00e9volu\u00e9.<\/p>\n","protected":false},"author":1,"featured_media":0,"parent":22,"menu_order":0,"comment_status":"closed","ping_status":"closed","template":"","meta":[],"_links":{"self":[{"href":"https:\/\/unionpourlavienne.fr\/Union_Vienne_2016\/wordpress\/wp-json\/wp\/v2\/pages\/3818"}],"collection":[{"href":"https:\/\/unionpourlavienne.fr\/Union_Vienne_2016\/wordpress\/wp-json\/wp\/v2\/pages"}],"about":[{"href":"https:\/\/unionpourlavienne.fr\/Union_Vienne_2016\/wordpress\/wp-json\/wp\/v2\/types\/page"}],"author":[{"embeddable":true,"href":"https:\/\/unionpourlavienne.fr\/Union_Vienne_2016\/wordpress\/wp-json\/wp\/v2\/users\/1"}],"replies":[{"embeddable":true,"href":"https:\/\/unionpourlavienne.fr\/Union_Vienne_2016\/wordpress\/wp-json\/wp\/v2\/comments?post=3818"}],"version-history":[{"count":1,"href":"https:\/\/unionpourlavienne.fr\/Union_Vienne_2016\/wordpress\/wp-json\/wp\/v2\/pages\/3818\/revisions"}],"predecessor-version":[{"id":3820,"href":"https:\/\/unionpourlavienne.fr\/Union_Vienne_2016\/wordpress\/wp-json\/wp\/v2\/pages\/3818\/revisions\/3820"}],"up":[{"embeddable":true,"href":"https:\/\/unionpourlavienne.fr\/Union_Vienne_2016\/wordpress\/wp-json\/wp\/v2\/pages\/22"}],"wp:attachment":[{"href":"https:\/\/unionpourlavienne.fr\/Union_Vienne_2016\/wordpress\/wp-json\/wp\/v2\/media?parent=3818"}],"curies":[{"name":"wp","href":"https:\/\/api.w.org\/{rel}","templated":true}]}}