{"id":4580,"date":"2024-02-01T10:18:14","date_gmt":"2024-02-01T09:18:14","guid":{"rendered":"http:\/\/unionpourlavienne.fr\/Union_Vienne_2016\/wordpress\/?page_id=4580"},"modified":"2024-02-01T10:18:16","modified_gmt":"2024-02-01T09:18:16","slug":"octobre-2023","status":"publish","type":"page","link":"https:\/\/unionpourlavienne.fr\/Union_Vienne_2016\/wordpress\/les-elus\/la-tribune\/octobre-2023\/","title":{"rendered":"Octobre 2023"},"content":{"rendered":"\n<p><strong>Routes d\u00e9partementales : responsabilit\u00e9s assum\u00e9es !<\/strong><\/p>\n\n\n\n<figure class=\"wp-block-image alignright size-full\"><img loading=\"lazy\" width=\"235\" height=\"350\" src=\"https:\/\/unionpourlavienne.fr\/Union_Vienne_2016\/wordpress\/wp-content\/uploads\/2024\/02\/octobre2023.jpg\" alt=\"\" class=\"wp-image-4581\" srcset=\"https:\/\/unionpourlavienne.fr\/Union_Vienne_2016\/wordpress\/wp-content\/uploads\/2024\/02\/octobre2023.jpg 235w, https:\/\/unionpourlavienne.fr\/Union_Vienne_2016\/wordpress\/wp-content\/uploads\/2024\/02\/octobre2023-201x300.jpg 201w\" sizes=\"(max-width: 235px) 100vw, 235px\" \/><\/figure>\n\n\n\n<p>Le D\u00e9partement consacre d\u2019importantes ressources fi nanci\u00e8res et humaines pour am\u00e9nager les 4 800 kilom\u00e8tres de routes d\u00e9partementales dont il est responsable. Chaque ann\u00e9e, notre collectivit\u00e9 y attribue plus de 30 millions d\u2019euros ! C\u2019est pourquoi nous y avons consacr\u00e9 un dossier sp\u00e9cial ce mois-ci.<br>C\u2019est un enjeu majeur, car derri\u00e8re les travaux d\u2019entretien et de modernisation des routes d\u00e9partementales, il s\u2019agit d\u2019assurer la s\u00e9curit\u00e9 de tous les usagers et de permettre une meilleure mobilit\u00e9 dans les d\u00e9placements du quotidien, qu\u2019ils soient priv\u00e9s ou professionnels.<br>Les projets d\u2019am\u00e9nagement routier repr\u00e9sentent de lourds investissements pour notre collectivit\u00e9. Ils demandent du temps au regard des \u00e9tudes approfondies, mais aussi de la constance dans les d\u00e9cisions, de la rigueur dans les proc\u00e9dures et beaucoup de d\u00e9termination. Les \u00e9lus de la Majorit\u00e9 d\u00e9partementale sont pleinement mobilis\u00e9s pour mener \u00e0 bien ces diff\u00e9rents projets routiers si importants pour l\u2019attractivit\u00e9 de notre d\u00e9partement.<br>Nous assumons nos responsabilit\u00e9s : les routes sont les art\u00e8res de nos territoires, les lignes de vie de la Vienne !<\/p>\n","protected":false},"excerpt":{"rendered":"<p>Routes d\u00e9partementales : responsabilit\u00e9s assum\u00e9es ! Le D\u00e9partement consacre d\u2019importantes ressources fi nanci\u00e8res et humaines pour am\u00e9nager les 4 800<\/p>\n","protected":false},"author":1,"featured_media":0,"parent":22,"menu_order":0,"comment_status":"closed","ping_status":"closed","template":"","meta":[],"_links":{"self":[{"href":"https:\/\/unionpourlavienne.fr\/Union_Vienne_2016\/wordpress\/wp-json\/wp\/v2\/pages\/4580"}],"collection":[{"href":"https:\/\/unionpourlavienne.fr\/Union_Vienne_2016\/wordpress\/wp-json\/wp\/v2\/pages"}],"about":[{"href":"https:\/\/unionpourlavienne.fr\/Union_Vienne_2016\/wordpress\/wp-json\/wp\/v2\/types\/page"}],"author":[{"embeddable":true,"href":"https:\/\/unionpourlavienne.fr\/Union_Vienne_2016\/wordpress\/wp-json\/wp\/v2\/users\/1"}],"replies":[{"embeddable":true,"href":"https:\/\/unionpourlavienne.fr\/Union_Vienne_2016\/wordpress\/wp-json\/wp\/v2\/comments?post=4580"}],"version-history":[{"count":1,"href":"https:\/\/unionpourlavienne.fr\/Union_Vienne_2016\/wordpress\/wp-json\/wp\/v2\/pages\/4580\/revisions"}],"predecessor-version":[{"id":4582,"href":"https:\/\/unionpourlavienne.fr\/Union_Vienne_2016\/wordpress\/wp-json\/wp\/v2\/pages\/4580\/revisions\/4582"}],"up":[{"embeddable":true,"href":"https:\/\/unionpourlavienne.fr\/Union_Vienne_2016\/wordpress\/wp-json\/wp\/v2\/pages\/22"}],"wp:attachment":[{"href":"https:\/\/unionpourlavienne.fr\/Union_Vienne_2016\/wordpress\/wp-json\/wp\/v2\/media?parent=4580"}],"curies":[{"name":"wp","href":"https:\/\/api.w.org\/{rel}","templated":true}]}}